 (g + -11). Let j = -57 - -96. What is the highest common divisor of j and i?
13
Let k(b) = 18*b. Suppose 3*g - 8 = -g - 3*i, -2*g - 2*i + 4 = 0. Suppose 0 = g*x - 6*x + 4. Let o be k(x). Calculate the highest common divisor of o and 45.
9
Let u be 7/4*(6 - 2). Suppose -3*n - 656 = -u*n. Suppose -3*g = 2*c - n, 2*c + 0*g - 172 = -g. What is the greatest common divisor of 8 and c?
8
Let p be -2 + (-8 - -12) + (10 - -2). Calculate the greatest common factor of 2142 and p.
14
Let o = -65 - -66. Let r be (o + -2)/(((-1)/(-1))/(-6)). Calculate the highest common factor of r and 48.
6
Let c(k) = -k**2 - 31*k + 22. Let v be c(-31). What is the highest common factor of 209 and v?
11
Suppose -34*v + 17*v + 408 = 0. Suppose 3*l + 0*l = 24. What is the greatest common factor of l and v?
8
Suppose 4*d - 4*w - 388 = 0, -4*w - 23 = -d + 59. Calculate the highest common factor of 544 and d.
34
Suppose c - 3*c + 112 = 0. Let k be ((-504)/(-40))/((-48)/(-160)). What is the highest common factor of k and c?
14
Let u = -478 + 518. What is the highest common divisor of 95 and u?
5
Suppose 4*q - 76 = -b, 4*b + 3*q - 295 = -b. What is the highest common divisor of 42 and b?
14
Let x be -4 + (0 - 5) + 2. Let p(z) = z**2 + 8*z + 10. Let v be p(x). Let a be 85 + (11 - 2)/v. Calculate the highest common factor of 11 and a.
11
Suppose 0 = 5*g + n + 816 - 258, -3*n = 3*g + 342. Let x be -2 + (-3)/(-3) - g. What is the highest common factor of 10 and x?
10
Let s = -266 + 272. What is the greatest common factor of 2 and s?
2
Let d be (-3)/(-6) + 219/(-2). Let a = d - -179. What is the greatest common divisor of 35 and a?
35
Let p = 1488 - 1131. Calculate the greatest common divisor of p and 21.
21
Suppose 0 = 5*g - 3*b - 157, 9*g - 45 = 8*g + 4*b. What is the highest common divisor of g and 1?
1
Suppose -288 = -8*c + 952. Calculate the highest common factor of 31 and c.
31
Let l be 7/3*(2 - -4). Suppose -g = -7*g + 846. Suppose -5*r = -3*s + 32 + g, 0 = r + 1. What is the highest common divisor of s and l?
14
Let q = -5 + 11. Let g(o) = o**3 - 4*o**2 + 5*o + 3. Let c be g(3). Calculate the highest common factor of c and q.
3
Let k = 205 + -412. Let l = k - -319. What is the greatest common factor of l and 16?
16
Let n(k) = k**2 + 8*k + 15. Let m be n(-6). Suppose m = -3*r, -36 - 28 = -5*b + 4*r. Calculate the greatest common divisor of b and 36.
12
Let z be (16/(-104) + 98/130)*10. Calculate the highest common factor of z and 54.
6
Let b be 1/(-3 + (-1264)/(-420)). Let i = -29 + 99. Calculate the highest common divisor of i and b.
35
Suppose 0 = 5*d + 20, 5*g - 19*d + 23*d = 364. Calculate the highest common divisor of 532 and g.
76
Suppose -17*i + 13*i - 184 = -3*h, 4*h - 4*i = 252. Calculate the highest common divisor of h and 12.
4
Suppose 3*g = -2*f + 2, -3*f + 5*g = 9*g - 5. What is the greatest common factor of 9 and f?
1
Let m be (-1 - 18/(-10))*100*2. Calculate the greatest common divisor of m and 20.
20
Suppose -4*p = -10*p + 420. What is the greatest common factor of p and 14?
14
Suppose -3*k = -0*k - h - 568, 0 = -4*k + 4*h + 752. Calculate the greatest common divisor of 20 and k.
10
Suppose 3*r = -a + 9, -6 = -r - 3. Let s be (1*(-74 - -4))/(a - 2). What is the highest common factor of 7 and s?
7
Let k be (5*5)/(7/105). Suppose 5*j = 3*g + k, 206 = 3*j - 0*g + 2*g. What is the highest common divisor of 9 and j?
9
Let f be (-1 - (6 - -2))*1/(-3). Let y(j) = -j**2 + 9*j - 11. Let d be y(5). Calculate the greatest common factor of d and f.
3
Let m be -8*70/60*(-6)/8. What is the highest common factor of 56 and m?
7
Let w(o) = -o**3 - 8*o**2 - 9*o - 1. Let r be w(-7). Let k(n) = n - 5 - 12*n + 0. Let b be k(-4). What is the highest common divisor of b and r?
13
Let y(h) = -3*h**2 - 6*h + 8. Let q be y(-7). Let d = q + 124. What is the highest common divisor of d and 72?
9
Let x = -50 - -86. Calculate the greatest common divisor of x and 120.
12
Let w be 4/10*3675/(-40)*-32. What is the greatest common divisor of w and 42?
42
Let t be (270/8)/(47/564). What is the greatest common factor of t and 243?
81
Suppose w - 4 = 10. Let a(h) = 48*h + 275. Let v be a(-5). What is the highest common divisor of w and v?
7
Suppose -3*a + 63 + 237 = 0. Suppose 0 = 2*p + 51 - 57. Suppose 3*g - 5*i - 75 = 0, 4*g + p*i = 2*i + 77. Calculate the highest common factor of g and a.
20
Suppose 0 = 3*h, 5*t + 0*t = 2*h + 2635. What is the greatest common factor of 31 and t?
31
Let j(t) = t - 14. Let b be j(16). Let n(w) = 6*w + 12. Let s be n(b). What is the highest common divisor of s and 120?
24
Let u(o) = -26*o + 899. Let q be u(30). Calculate the highest common divisor of q and 340.
17
Let x(j) = -39*j - 13. Let l be x(-2). Calculate the greatest common factor of l and 156.
13
Let p be ((-6)/12)/((-2)/(-56)*-1). Calculate the greatest common divisor of 175 and p.
7
Let r = 146 + -134. Calculate the greatest common factor of r and 102.
6
Let g be (6/(-4))/((-9)/1320). Let k be (1 + 2)*-1 + 21 + 2. Calculate the greatest common factor of k and g.
20
Let j(h) = 5*h + 7. Let c be j(5). Let l = c + -10. Calculate the highest common factor of 44 and l.
22
Let i be 0 + (1 - -2) - 7. Let s = 7 + i. Suppose -8 - 43 = -s*y. What is the highest common factor of y and 136?
17
Let g be 18*(((-3)/6 - -3) + 1). Let m(c) = -c**2 + 2*c + 7. Let i be m(0). What is the highest common divisor of i and g?
7
Suppose -3*h + 2*h + 5*u = 0, -2*u = 0. Suppose t - 264 - 61 = h. Let p = t - 155. Calculate the highest common divisor of 17 and p.
17
Let t = -153 - -169. What is the highest common divisor of 2 and t?
2
Let r = 11 + -23. Let a be 3 + -3 + r + 2. Let i = 6 - a. Calculate the greatest common divisor of 4 and i.
4
Suppose 3*k = -4 + 4. Suppose -156*i + 155*i + 48 = k. Calculate the greatest common divisor of i and 16.
16
Let b be (-6 - (-21 - -2)) + -3. Calculate the greatest common factor of 65 and b.
5
Let k = -16 + 70. Let g be k*((-9)/6 - -2). What is the greatest common divisor of g and 81?
27
Let f(r) be the third derivative of -r**5/60 - r**4/4 + r**2. Suppose t - o = -7 - 3, -20 = -4*o. Let n be f(t). Calculate the highest common factor of n and 2.
1
Let k = 14 + -12. Suppose 42 = -k*n - 3*v - v, 0 = 4*n - 4*v + 36. Let r be (-1250)/n - 12/78. Calculate the greatest common factor of r and 24.
24
Suppose 2*g - 4 = 2. Let l be g/12 - 765/(-12). Let d be (66/(-8))/((-4)/l). What is the highest common factor of d and 12?
12
Suppose -383*p + 380*p + 2376 = 0. What is the greatest common factor of p and 12?
12
Let o(c) = 6*c**2 + 11*c + 6. Let d be o(-4). Let q = d + -46. Calculate the highest common divisor of q and 8.
4
Suppose 305 = 16*y - 79. Calculate the highest common factor of y and 108.
12
Suppose 0 = -v + 6*v - 175. Let y = -9 - -14. Suppose -y*i - 5 + 30 = 0. What is the greatest common divisor of v and i?
5
Let l be 2*-25*(-4)/(-3 + 7). Calculate the greatest common factor of l and 2.
2
Suppose r - 50 = -8*y + 3*y, 0 = -5*r + 5*y + 250. Let l be (12 - 8)/(4/r). Calculate the highest common factor of l and 125.
25
Let g = -990 + 996. What is the highest common factor of 690 and g?
6
Let r(v) = -5*v - 19. Suppose -5*s + 19 = 49. Let b(g) = 5*g + 18. Let u(h) = s*r(h) - 7*b(h). Let n be u(-5). What is the highest common factor of n and 143?
13
Let j be (2 + -14)/((-6)/393). Suppose 5*o = -4*t + j, 4*t + 0*t = -2*o + 324. Calculate the greatest common factor of 14 and o.
14
Let h be -2 + 4/8*-18. Let n(s) = s**3 + 10*s**2 - 13*s + 5. Let p be n(h). Calculate the greatest common factor of 216 and p.
27
Let p = -8 - -10. Suppose 0 = -2*n + 2, 0 = -3*s - n + p + 2. What is the greatest common divisor of s and 1?
1
Let n be 3/(-6) + (-6)/(-12). Suppose n = -3*r - 160 + 565. Suppose 4*h - 5*m = -0*h + 133, 17 = h + 2*m. Calculate the highest common divisor of r and h.
27
Let v be 4/2*(-6)/(-2). Suppose -v*n + 4*n - 2 = 0. Let s = 15 + n. What is the greatest common divisor of 28 and s?
14
Suppose 0 = 3*c - 3*i - 6, -5*c - 3*i + 2*i + 10 = 0. Let f be (c - 1014/(-9)) + 6/(-9). What is the greatest common divisor of 38 and f?
38
Let d(q) be the first derivative of 11*q**3/3 + q**2/2 - 5*q - 6. Let y be d(2). What is the highest common divisor of y and 164?
41
Let q(t) = t + 17. Let v = -3 - 7. L